tiple of 8?
True
Is 1175 a multiple of 101?
False
Is 80 a factor of 31360?
True
Is 15 a factor of 140?
False
Is 690 a multiple of 10?
True
Does 11 divide 745?
False
Is 12 a factor of 1678?
False
Does 12 divide 742?
False
Is 9 a factor of 2201?
False
Does 73 divide 7748?
False
Is 126 a multiple of 21?
True
Is 275 a factor of 27142?
False
Is 10 a factor of 38608?
False
Is 1175 a multiple of 29?
False
Does 140 divide 13671?
False
Is 2315 a multiple of 5?
True
Is 31 a factor of 12834?
True
Is 151 a multiple of 31?
False
Is 35 a factor of 32165?
True
Is 32 a factor of 6080?
True
Is 647 a multiple of 48?
False
Does 76 divide 4864?
True
Is 12 a factor of 169?
False
Is 11 a factor of 727?
False
Does 22 divide 684?
False
Does 18 divide 766?
False
Is 26097 a multiple of 45?
False
Is 31666 a multiple of 10?
False
Is 61234 a multiple of 119?
False
Is 8600 a multiple of 86?
True
Is 107 a factor of 50183?
True
Does 2 divide 46?
True
Is 1352 a multiple of 30?
False
Does 16 divide 2472?
False
Is 26 a factor of 832?
True
Is 108 a multiple of 6?
True
Is 172 a factor of 25456?
True
Does 91 divide 68068?
True
Is 13 a factor of 1564?
False
Does 24 divide 476?
False
Does 5 divide 10135?
True
Does 7 divide 410?
False
Is 3157 a multiple of 109?
False
Is 205 a multiple of 41?
True
Is 3105 a multiple of 5?
True
Is 41 a factor of 1439?
False
Does 280 divide 23240?
True
Is 21543 a multiple of 43?
True
Does 16 divide 327?
False
Is 72 a factor of 21286?
False
Is 800 a multiple of 25?
True
Is 1045 a multiple of 24?
False
Does 9 divide 2807?
False
Does 50 divide 4839?
False
Does 175 divide 71225?
True
Does 14 divide 1540?
True
Is 13 a factor of 33487?
False
Does 20 divide 56081?
False
Does 6 divide 59?
False
Does 259 divide 89453?
False
Does 18 divide 2808?
True
Is 27 a factor of 594?
True
Does 36 divide 813?
False
Does 9 divide 468?
True
Is 8958 a multiple of 16?
False
Is 30040 a multiple of 10?
True
Is 68760 a multiple of 180?
True
Is 29 a factor of 527?
False
Does 19 divide 10004?
False
Does 35 divide 19648?
False
Does 37 divide 26869?
False
Is 39 a factor of 390?
True
Does 16 divide 2928?
True
Is 291 a multiple of 8?
False
Does 18 divide 16439?
False
Is 18 a multiple of 9?
True
Is 717 a multiple of 3?
True
Is 10 a factor of 628?
False
Does 125 divide 21311?
False
Is 5 a factor of 6010?
True
Is 20 a factor of 52106?
False
Is 29 a factor of 3886?
True
Does 31 divide 558?
True
Is 25470 a multiple of 9?
True
Is 21654 a multiple of 18?
True
Does 31 divide 1931?
False
Is 3774 a multiple of 6?
True
Is 204 a multiple of 10?
False
Does 19 divide 10789?
False
Is 20 a factor of 18494?
False
Is 19 a factor of 1007?
True
Does 22 divide 644?
False
Does 50 divide 1573?
False
Is 211 a multiple of 2?
False
Is 78 a factor of 4536?
False
Is 405 a multiple of 3?
True
Is 5 a factor of 2870?
True
Does 23 divide 19366?
True
Is 14 a factor of 1159?
False
Does 51 divide 51714?
True
Is 97 a multiple of 4?
False
Is 49021 a multiple of 156?
False
Is 46 a factor of 8648?
True
Does 12 divide 1061?
False
Is 34 a factor of 2354?
False
Is 2 a factor of 64?
True
Is 10 a factor of 12261?
False
Is 96136 a multiple of 193?
False
Is 83 a factor of 1648?
False
Is 36 a factor of 3744?
True
Is 83 a multiple of 4?
False
Does 102 divide 30218?
False
Is 1587 even?
False
Is 4964 a multiple of 17?
True
Is 97404 a multiple of 11?
False
Is 810 a multiple of 5?
True
Does 61 divide 54778?
True
Is 2028 a multiple of 26?
True
Is 130 a factor of 45526?
False
Is 10 a factor of 1179?
False
Does 32 divide 15214?
False
Is 30 a multiple of 5?
True
Is 28 a factor of 12173?
False
Is 93 a factor of 19053?
False
Is 152 a factor of 3344?
True
Is 52 a factor of 14693?
False
Is 2924 a multiple of 68?
True
Is 1820 a multiple of 34?
False
Does 8 divide 41?
False
Is 2518 a multiple of 20?
False
Is 660 a multiple of 24?
False
Is 82 a factor of 51120?
False
Is 327 a multiple of 44?
False
Does 10 divide 2317?
False
Does 312 divide 936?
True
Is 27 a factor of 18279?
True
Is 392 a multiple of 42?
False
Is 1250 a multiple of 50?
True
Is 4950 a multiple of 75?
True
Is 109 a factor of 6649?
True
Is 696 a multiple of 24?
True
Is 9 a factor of 397?
False
Does 20 divide 61360?
True
Is 17347 a multiple of 17?
False
Is 5822 a multiple of 22?
False
Is 30 a factor of 13534?
False
Does 9 divide 8343?
True
Is 18 a factor of 5958?
True
Is 22 a factor of 1706?
False
Is 19 a factor of 1203?
False
Is 2820 a multiple of 17?
False
Is 33 a factor of 11937?
False
Is 2432 a multiple of 76?
True
Is 3 a factor of 244?
False
Does 96 divide 1344?
True
Is 392 a multiple of 19?
False
Does 18 divide 15804?
True
Is 8806 a multiple of 14?
True
Is 275 a multiple of 25?
True
Is 238 a multiple of 14?
True
Does 27 divide 46008?
True
Does 8 divide 120?
True
Is 1963 a multiple of 40?
False
Is 8 a factor of 6547?
False
Is 351 a multiple of 22?
False
Does 11 divide 17056?
False
Is 79 a factor of 105070?
True
Does 73 divide 73?
True
Is 99 a factor of 164340?
True
Is 49 a factor of 6664?
True
Does 61 divide 109745?
False
Is 12025 a multiple of 146?
False
Is 41 a factor of 2378?
True
Is 23 a factor of 48116?
True
Does 31 divide 248?
True
Is 13806 a multiple of 33?
False
Does 27 divide 71981?
False
Is 5 a factor of 265?
True
Is 1180 a multiple of 10?
True
Is 21624 a multiple of 12?
True
Is 896 a multiple of 16?
True
Is 93 a multiple of 2?
False
Is 4939 a multiple of 23?
False
Is 1000 a multiple of 111?
False
Does 30 divide 974?
False
Is 10 a factor of 21890?
True
Is 30 a multiple of 15?
True
Is 23 a factor of 1875?
False
Is 2 a factor of 1484?
True
Does 43 divide 37346?
False
Is 207 a factor of 1069?
False
Is 17 a factor of 230?
False
Does 228 divide 3919?
False
Is 25 even?
False
Is 2936 a multiple of 7?
False
Is 11 a factor of 283?
False
Is 46 a factor of 262?
False
Is 42 a factor of 2646?
True
Is 137 a factor of 7261?
True
Is 29110 a multiple of 39?
False
Does 46 divide 7222?
True
Does 5 divide 39?
False
Does 54 divide 4320?
True
Does 20 divide 295?
False
Is 93 a factor of 31062?
True
Does 73 divide 2737?
False
Is 50650 a multiple of 14?
False
Does 13 divide 63927?
False
Is 22 a factor of 100964?
False
Is 49 a factor of 24201?
False
Is 17 a factor of 952?
True
Is 221 a factor of 16575?
True
Does 11 divide 374?
True
Is 19 a factor of 1786?
True
Is 6 a factor of 18?
True
Does 73 divide 7081?
True
Does 18 divide 2844?
True
Is 9 a factor of 24906?
False
Does 38 divide 485?
False
Does 30 divide 20970?
True
Does 8 divide 20352?
True
Is 70 a factor of 13860?
True
Is 439 a multiple of 23?
False
Does 23 divide 506?
True
Is 18 a factor of 396?
True
Is 13416 a multiple of 43?
True
Is 20 a factor of 14075?
False
Is 6 a factor of 498?
True
Is 114 a multiple of 41?
False
Is 29638 a multiple of 73?
True
Is 1504 a multiple of 20?
False
Is 168 a multiple of 25?
False
Is 63 a multiple of 12?
False
Is 3 a factor of 275?
False
Is 1648 a multiple of 103?
True
Does 20 divide 1632?
False
Is 422 a multiple of 5?
False
Is 112 a factor of 2388?
False
Is 8 a factor of 6708?
False
Is 543 a multiple of 5?
False
Is 96756 a multiple of 22?
True
Does 146 divide 52101?
False
Does 83 divide 1245?
True
Is 3777 a multiple of 120?
False
Is 4005 a multiple of 89?
True
Is 212 a factor of 71656?
True
Is 276 a multiple of 11?
False
Is 10645 a multiple of 32?
False
Is 36 even?
True
Is 146 a factor of 27010?
True
Is 172 a factor of 31253?
False
Does 204 divide 2337?
False
Is 262 a factor of 54234?
True
Is 247 a multiple of 13?
True
Is 32 a factor of 828?
False
Is 7 a factor of 271?
False
Is 281 a factor of 14997?
False
Is 569 a multiple of 88?
False
Is 3 a factor of 414?
True
Is 1838 a multiple of 30?
False
Is 27382 a multiple of 49?
False
Is 55463 a multiple of 60?
False
Does 85 divide 24820?
True
Is 27855 a multiple of 45?
True
Is 88770 a multiple of 10?
True
Is 36 a factor of 720?
True
Is 5 a factor of 379?
False
Does 155 divide 13216?
False
Does 5 divide 4723?
False
Is 50 a multiple of 2?
True
Is 11 a factor of 55?
True
Is 67 a factor of 20636?
True
Does 24 divide 312?
True
Is 3 a factor of 8841?
True
Is 26 a factor of 4264?
True
Is 21437 a multiple of 4?
False
Is 26 a factor of 2328?
False
Is 14 a factor of 8918?
True
Is 3 a factor of 109?
False
Is 17 a factor of 1117?
False
Does 3 divide 928?
False
Is 3 a factor 